e greatest common factor of l and z?
19
Let l(h) = h + 3. Let p be l(-4). Let m(t) = 6*t**2 + 2*t + 1. Let f be m(p). Let i = -85 - -140. Calculate the greatest common divisor of i and f.
5
Let t(o) = 106*o + 22. Let p be t(6). Suppose 3*n = 5*f + 606, 4*n - 5*f - 155 = p. Let z be ((-1)/2)/(4/(-184)). What is the highest common factor of n and z?
23
Suppose 3*h - 69 = -2*j + 57, -2*j - 4*h + 124 = 0. What is the highest common factor of j and 3894?
66
Let j(c) = -176*c - 107. Let l be j(-1). Calculate the highest common factor of 161 and l.
23
Let u = -42 + 44. Let h be 4/6*(117/u)/3. Let s be 2 - 1 - (2 - 92). What is the highest common divisor of s and h?
13
Let q = -6 - -13. Suppose -5*k - 3 = -33. Suppose -k = -3*c, 3*c - 2 = 3*v - 59. What is the greatest common divisor of q and v?
7
Let t(m) = -5*m**3 + 8*m**2 + 16*m. Let a be t(-4). What is the greatest common divisor of 48 and a?
48
Let s be 40 + 4 - 10/1. Calculate the highest common factor of 918 and s.
34
Let g(s) = s. Let p(o) = 5*o + 14. Let q(x) = -4*g(x) + p(x). Let u be q(-7). Let c = u - -7. Calculate the greatest common divisor of 126 and c.
14
Let b(l) = 5*l**2 - 12*l - 2. Let p be b(4). What is the highest common factor of p and 20?
10
Suppose -g = g + 2*g. Suppose 5*v + g*v = 3*n - 50, 4*n + 3*v - 86 = 0. What is the highest common divisor of 30 and n?
10
Let o be (-2 + 7 - 7) + 235 + 1. Calculate the highest common divisor of o and 36.
18
Let i(h) = 2*h + 31. Let v be i(-16). Let c be ((-1)/v)/1*(18 - -18). What is the greatest common divisor of 24 and c?
12
Let l(x) = -x**3 + 8*x**2 - 13. Let k be l(5). What is the highest common divisor of k and 186?
62
Let y = 2 + -3. Let u(j) be the first derivative of -47*j**4/4 + j + 46. Let c be u(y). What is the highest common divisor of c and 6?
6
Let g(x) be the first derivative of x**3/3 + 5*x**2/2 - 11*x + 19. Let o be g(-9). What is the greatest common factor of o and 175?
25
Suppose 3*k - 57 + 7 = -4*r, -r = -2*k - 18. Suppose x - 70 = 3*a + 16, -5*x = -5*a - 470. What is the highest common divisor of r and x?
14
Let u be (10 - 0/(-1)) + -6. What is the highest common factor of u and 18?
2
Let j = -20 - -20. Suppose -11*b + 9*b + 154 = j. Calculate the highest common divisor of 11 and b.
11
Suppose 16 - 2 = i. Let j = -489 - -545. Calculate the highest common factor of j and i.
14
Let f be (-2)/4 - 1263/(-6). Suppose -30 = -3*x + f. Suppose v - 2*v + x = 0. What is the greatest common divisor of v and 16?
16
Let x be 68/238 + 288/21. Calculate the highest common divisor of 1505 and x.
7
Let u(n) = -2*n**3 - 5*n**2 - n + 4. Let s be u(-4). Let j be 250/8 + (-1)/4. Let z = 38 - j. Calculate the highest common factor of s and z.
7
Suppose 0*o = 2*o - 4*f - 250, 3*o - 375 = 3*f. Let q be -3 + -4 + 2 + o. Suppose -4*z + 40 = -q. What is the greatest common factor of z and 5?
5
Suppose -3*r + 391 = -257. Suppose -6*u - r = -9*u. Calculate the highest common factor of u and 48.
24
Suppose 2*u - 72 = -3*j, -2*j = -7*j. What is the greatest common factor of u and 2988?
36
Suppose -4*y - 2 + 18 = 0. Suppose -f - 3*r + 5*r = 4, 0 = y*f - 4*r + 12. Let w(j) = 11*j**2 + 1. Let s be w(f). What is the greatest common factor of 9 and s?
9
Let i be (2/10)/((-16)/(-8880)). What is the greatest common divisor of 37 and i?
37
Suppose 0 = b - 3*u + 2*u - 72, -b + 5*u + 84 = 0. What is the greatest common divisor of 69 and b?
69
Let j(c) = c**2 + 7*c - 23. Let z be j(4). What is the greatest common factor of 168 and z?
21
Suppose 3*s - 10 + 4 = 0. Let p(f) = 12*f**2 - 4*f + 3*f - 22*f**s - 7 + 13*f**2. Let r be p(5). What is the highest common divisor of r and 9?
9
Suppose 0 = -14*b + 24 + 4. Suppose -7 = j + 3*n, -3*j + 25 = b*j + 3*n. What is the greatest common divisor of 72 and j?
8
Suppose -26*x = -25*x - 30. Suppose -5*q + 415 = x. What is the highest common factor of q and 11?
11
Suppose 4*j - 19 - 53 = 0. Suppose -p - a = a - 142, -2*p + 293 = -5*a. Calculate the highest common divisor of p and j.
18
Let v = 20 - -4. What is the highest common factor of v and 768?
24
Let a = -182 + 202. Calculate the highest common divisor of 10 and a.
10
Suppose 6*r = 3*r - 2*r. Let c be r - (-4)/(8/30). Let i(g) = 3*g - 4. Let f be i(3). Calculate the greatest common factor of c and f.
5
Suppose 616 = 4*b + b - 4*f, 3*f = -b + 127. Let g = b - 111. Calculate the highest common factor of g and 39.
13
Let l = 20 + -20. Suppose -3*x = -l*x - 474. Suppose 0*z - z = 4*o - x, -o = -5*z - 50. What is the greatest common divisor of 8 and o?
8
Let l(f) = f**2 - 5*f + 6. Suppose 5*z - 27 = -2. Let v be l(z). What is the greatest common divisor of v and 54?
6
Let k be 30/1*10*(-4)/(-50). What is the highest common divisor of k and 30?
6
Let t = 599 + -586. What is the greatest common divisor of t and 2?
1
Suppose -6*n = -11*n + 25. Let l = n + -1. What is the highest common factor of l and 36?
4
Suppose -5*d + 3*p + 2733 = 0, -p - 945 = -3*d + 694. Suppose -d = 5*u - 7*u. Suppose u = -2*l + 5*l. What is the highest common factor of l and 13?
13
Suppose 5*y - 3 = -4*x + 19, 0 = 3*y - 3*x + 3. Let f be y*(-3)/6*-5. What is the highest common factor of f and 55?
5
Suppose -21*g + 3802 = 22. What is the highest common divisor of g and 60?
60
Suppose 68*z = 69*z - 4. What is the highest common factor of 324 and z?
4
Suppose 8*m - 5*m = 12. Let q be (8/4 - -209) + 3. Suppose 0 = -2*n + 5*u + q, n - m*n = -5*u - 326. What is the greatest common divisor of 14 and n?
14
Let b(q) = 5*q**2. Let d be b(-1). Let v = 5 - d. Suppose -2*x + 19 = 3*a, v = a + 4*a - 3*x. Calculate the greatest common divisor of 21 and a.
3
Suppose -4*y = y + 2*w - 53, 3*y - 3*w - 15 = 0. Let g be 1440/100 - (-6)/10. Suppose -9*s + g = -66. What is the highest common factor of s and y?
9
Let t(s) = -s**3 + 7*s**2 + 2*s - 24. Let w be t(4). Calculate the highest common factor of w and 6.
2
Suppose 1110 + 325 = 41*y. Calculate the greatest common divisor of 1505 and y.
35
Let l(k) = -k - 2. Let c be l(3). Let i(g) = 2*g + 200*g**2 - 103*g**2 - g**3 + 1 + 6 - 101*g**2. Let y be i(c). What is the greatest common factor of y and 22?
22
Let v(i) = i**2 - 10*i + 27. Let u be v(6). Suppose g - 456 = -2*j, u*g - 456 = -2*j + g. What is the greatest common factor of 12 and j?
12
Let z = 44 - 59. Let b(q) = -3*q - 24. Let l be b(z). Calculate the greatest common divisor of l and 21.
21
Suppose -58*i - 28 = -62*i. Suppose b + 0*b - i = 0. What is the highest common divisor of 56 and b?
7
Let l(m) = 6*m - 12. Let u be l(8). Suppose -b + 0 = -4. What is the highest common divisor of b and u?
4
Let i(f) = 3*f**3 - 56*f**2 + 17*f - 37. Let m be i(20). What is the highest common factor of m and 22?
11
Let g = 501 - 444. Calculate the highest common divisor of g and 152.
19
Let o = 24 - 8. Suppose 14 = -u + 5. Let w be 21*(-2 - 66/u). Calculate the highest common divisor of o and w.
16
Suppose -3*f - 3*d = -5*d - 27, -2*f - d = -18. What is the greatest common factor of f and 45?
9
Suppose -3*k = 13*k - 2288. What is the greatest common factor of k and 44?
11
Let t(k) = 3*k**2 - k. Let m be t(3). Suppose -5*n - 59*h + 63*h = -69, 2*n - 12 = -h. What is the greatest common divisor of n and m?
3
Let y be ((-2104)/(-24))/(1/(-6)*1). Let p = 778 + y. Calculate the greatest common factor of 18 and p.
18
Suppose 3*i + 5*u = -17, 0 = 3*i + 2*u + 6 - 1. Let c be i/(-3*1/(-57)). Suppose -12*h + 228 = -9*h. What is the greatest common divisor of h and c?
19
Let f = 40 + -34. Suppose -y + 2*g + 21 = 0, -33 - 9 = -2*y - 2*g. What is the greatest common divisor of y and f?
3
Let u = 1114 + 1110. What is the highest common factor of u and 139?
139
Let b be 2/7 - (-234)/14. Let w be 6/8 - 5/(-20). Let u be w + 3*33 - -2. Calculate the highest common factor of b and u.
17
Let j = -9 + 1. Let q = j - -5. Let k = 15 - q. Calculate the greatest common factor of k and 36.
18
Let x = 80 - 78. Let h be (11/x)/(0 - (-4)/24). Calculate the highest common divisor of h and 363.
33
Suppose -5*o + 87 + 33 = 0. Calculate the greatest common factor of 8 and o.
8
Let r = 43 - 29. Let s(z) = 11*z + 15. Let p be s(5). Calculate the highest common factor of r and p.
14
Suppose -4*d + 917 = 2*g - 979, -2*g = -5*d + 2388. Calculate the greatest c